 -8 = -c*g + 208. Calculate the remainder when g is divided by s.
5
Suppose y = -2*t + 635, -t - 4*y = 39 - 346. Calculate the remainder when t is divided by 143.
33
Let k = 1088 - 1066. What is the remainder when 164 is divided by k?
10
Let x be (-1)/4 - ((-129)/(-12) - -1). Let o be (9/x)/((-6)/40). Let c = 1 + o. Calculate the remainder when 40 is divided by c.
4
Let h = 26 - 7. Let j = h + -14. What is the remainder when 61 is divided by j?
1
Suppose -20*a + 87*a = 165278 + 343051. Calculate the remainder when a is divided by 110.
107
Calculate the remainder when 424 is divided by 6*((-4)/(-24))/(-2*(-1)/208).
8
Suppose -3*y + f + 570 = 0, 2*f - 372 = -2*y - 0*f. What is the remainder when y is divided by 59?
12
Suppose 9*n + 18 - 36 = 0. Suppose 4*l = -n*k + 950, l + 3*k - 8*k - 254 = 0. What is the remainder when l is divided by 22?
19
Let n = 4521 + -4492. Calculate the remainder when 439 is divided by n.
4
Suppose 8*m = 10*m - 18. Suppose 88 = 4*x - 116. What is the remainder when (x/m)/(4/24) is divided by 18?
16
Let q = 5358 - 5342. Calculate the remainder when 99 is divided by q.
3
Let i = 32 - 23. Let p(j) = -7*j**3 - j**2 + 9*j + 19. Let m = -619 - -617. What is the remainder when p(m) is divided by i?
8
Let m = 567 + -556. Let f(p) = p**3 - 6*p**2 + p - 2. What is the remainder when m is divided by f(6)?
3
Let s(j) = -j**3 - 3*j**2 + 10*j + 27. Suppose 72*z - 480 = 68*z. What is the remainder when z is divided by s(-5)?
12
Let w(o) = 3*o**2 - 9*o - 8. Let p be w(4). Let r(z) = -3 - 5 + 1 + 7*z. Calculate the remainder when 121 is divided by r(p).
16
Let g(o) = 2*o**2 + 2*o - 2. Let j be g(1). Suppose -j*k = -r - 61, 2*r + 105 = 3*k + 5*r. Calculate the remainder when 103 is divided by k.
7
What is the remainder when (-2410)/(-13 - (-3 - 8)) is divided by 201?
200
Let r = 23073 - -2523. What is the remainder when r is divided by 143?
142
Let z(g) be the third derivative of -g**4/24 + 30*g**2. Let f = -130 - -116. What is the remainder when 67 is divided by z(f)?
11
Suppose -162 = 5*o + 3*y, 0*o - 2*o - 61 = 5*y. Let w = 54 + o. Suppose c = 1, 3*i + 2*c = c + 25. Calculate the remainder when w is divided by i.
5
Let w(m) = 84*m - 124. What is the remainder when w(5) is divided by 15?
11
What is the remainder when 16644 is divided by (((-358)/26)/(224/(-2912)))/1?
176
Let k = -7422 + 10267. What is the remainder when k is divided by 50?
45
Let j = 6 + -8. Let u = 29695 + -29657. What is the remainder when u is divided by ((-1)/3)/(j/78)?
12
Suppose 3*s - 4*m = -72, -3*s - 5*m + 36 - 108 = 0. Let v(d) = -7*d - 137. Calculate the remainder when v(s) is divided by 20.
11
Let w(h) = -h**2 - 33*h + 22. Let v be w(-16). Suppose 32*b - 39*b = -v. What is the remainder when 119 is divided by b?
35
Let l = -3492 + 4227. Calculate the remainder when l is divided by 41.
38
Suppose 170 = -19*o + 8*o + 1347. What is the remainder when 1816 is divided by o?
104
Let m(d) = d**3 + 15*d**2 + 51*d - 9. Calculate the remainder when 5770 is divided by m(-7).
24
Let s(j) = 71*j - 1. Let r be 18/4*(-12)/3. Let u be r/(-12) + (-1)/2. Calculate the remainder when s(u) is divided by 12.
10
Let i = -154 + 190. Suppose 4*m = 6 + 26. What is the remainder when ((-318)/(-216) + (-8)/36)*i is divided by m?
5
Let q be (3042/(-312))/(2/(-8)). Calculate the remainder when (q + -250)*(-2)/2 is divided by 53.
52
Let g = 37 - 32. Suppose 0 = -g*o - 14 + 54. Suppose -9*w = -o*w - 11. What is the remainder when 43 is divided by w?
10
Suppose -3*z - 11 - 7 = -5*t, -5*z + 1 = 2*t. Suppose 2*h + 180 = 2*f, -t*h - 74 = -f + 2*h. Calculate the remainder when f - (6 - (3 + 0)) is divided by 19.
15
Let c = -14128 + 14681. What is the remainder when c is divided by 43?
37
Suppose 0 = -57*a + 56*a + 3*m + 225, -689 = -3*a - 5*m. Calculate the remainder when a is divided by 21.
18
Suppose 2*b - m = 0, -2*b - 10 = b + m. Let j = b + 109. Let f(s) = 3*s + 25. What is the remainder when j is divided by f(4)?
33
Suppose 0 = 135*p - 132*p - 393. Calculate the remainder when 197 is divided by p.
66
Calculate the remainder when 8314 is divided by (-1 - -12)/(350/2100).
64
Suppose 2*q + 4*c = -80, 178 = -4*q - 3*c + 3. Let g = -43 - q. Suppose 5*h - 94 = g*w, 5*h + 3*w - 59 = h. Calculate the remainder when 29 is divided by h.
12
Let c(h) = 2*h**2 - 14*h - 30. Let x = -756 + 765. Calculate the remainder when 56 is divided by c(x).
2
Suppose 5*g - 20 = 2*l, 4*g - 2 = -l + 14. Let o be (3 - (1/(-4) + l))*148. Let x = 702 - o. What is the remainder when x is divided by 32?
29
Suppose 109 = 5*y - 5*q + 29, 5*q + 24 = y. What is the remainder when 96 is divided by y?
12
Let u(z) = 672*z - 2192. What is the remainder when u(4) is divided by 163?
7
Suppose -6*u = 7*u - 117. Suppose 22*q = u*q + 494. What is the remainder when 140 is divided by q?
26
Suppose -5 = m, -2*o + m - 7 = -0*o. Calculate the remainder when ((-4)/o)/(1/87) is divided by 2*((-3 + 10 - 7) + 5)*(-8 + 9).
8
Suppose -33*f = -19*f - 392. Suppose -1050 = 7*v - f*v. What is the remainder when 199 is divided by v?
49
Suppose -19*t + 395 = -61. Suppose -5*m - t = -84. What is the remainder when 68 is divided by m?
8
Let k = 8322 + -7059. What is the remainder when k is divided by 38?
9
Let j(k) = 6*k**2 + 47*k - 104. What is the remainder when 6844 is divided by j(2)?
12
Suppose -j - j = 1190 - 1276. Calculate the remainder when j is divided by (-4)/(-10) + (-412)/(-20).
1
Suppose -41 = y + 3*r, -y = -5*y - 5*r - 129. What is the remainder when 185 is divided by (-698)/y - 34/(-221)?
23
Let u(f) = f**3 + 3*f**2 - 29*f - 79. Let l be u(-8). Let z = 186 + l. What is the remainder when 113 is divided by z?
18
Suppose 2*n - 121 = t, 2*n - 4*t - 65 - 53 = 0. Let c = n + -45. What is the remainder when (-23 + 13)/(2/(-6)) is divided by c?
14
Let y = -48 + 85. Let g = 3416 + -3308. Calculate the remainder when g is divided by y.
34
Let n(g) = g**2 - 2*g + 3. Let c be n(3). Let b(v) = 6*v**2 - 17*v + 33. Calculate the remainder when b(c) is divided by 15.
12
Let b be (80/14)/(3 - 38/14). What is the remainder when 17 is divided by (-48)/b*(-5)/1?
5
Suppose 14362 = 36*a + 131*a. Suppose -3*j - 6 = 6, -m - 2*j - 21 = 0. Let z(u) = -3*u - 17. Calculate the remainder when a is divided by z(m).
20
Suppose -3*p = 3*g + p - 137, 4*p + 98 = 2*g. Let t be (-216)/(-27)*(1 - 3). What is the remainder when g is divided by (2 - -46)*(-8)/t?
23
Suppose -53*a = 103*a - 1253460. Calculate the remainder when a is divided by 49.
48
Let a = -10948 + 11140. What is the remainder when a is divided by 8?
0
Calculate the remainder when (-5548)/(-57)*(-2145)/104*32/(-10) is divided by 54.
52
Let h = -17 - -22. Suppose -340 = 5*k + a, 4*k - h*a + 95 = -206. Let x = 119 + k. What is the remainder when x is divided by 13?
11
Suppose -4*m - 361 + 57 = 4*i, 314 = -4*m + i. Let k = m + 98. What is the remainder when 4/5*(-6675)/(-30) is divided by k?
18
Let x(g) = 9*g + 136. Suppose 2*m - 5*p = -43, 5*p + 9 = -3*m + 7. Calculate the remainder when 328 is divided by x(m).
53
Suppose 3*l + 1092 = b + 448, -5*b = 4*l - 3182. Calculate the remainder when b is divided by 16.
14
Suppose -7*i + 17 + 18 = 0. Let h = -50 + 64. Calculate the remainder when h is divided by i.
4
Suppose 0 = -3*k - 6, -2*g - 1062*k + 1063*k + 30 = 0. Calculate the remainder when 1257 is divided by g.
11
Let s(o) = 4*o + 11. Let y be s(-4). Let p(j) = -j**2 - 9*j - 23. Let z be p(y). Let u = z - -170. What is the remainder when u is divided by 34?
31
Let l be 8 - 5 - (57 - 2). Calculate the remainder when 45 is divided by 8/l - (-301)/13.
22
Suppose -196*r = -48*r - 24420. Calculate the remainder when r is divided by 71.
23
Let z(t) = -5*t + 6. Calculate the remainder when (-21515)/26*(256/80)/(-2) is divided by z(-9).
49
Let q(y) = -3*y + 14. Let o be q(-9). Suppose -165 = -o*h + 286. What is the remainder when h is divided by 11?
0
Let c = 21092 - 21026. Calculate the remainder when 882 is divided by c.
24
Let s(a) = 30*a**2 - 415*a + 6204. What is the remainder when s(15) is divided by 33?
30
Let g = -3471 - -3499. What is the remainder when 1259 is divided by g?
27
Let c(n) = 25*n**2 - 2*n + 1. Suppose -2*o = 418*d - 414*d - 240, -672 = -5*o - 2*d. Calculate the remainder when o is divided